1. What is x(-4)?
-27
Let n(f) = f**3 + 5*f**2 - 27*f - 19. Calculate n(-8).
5
Let g(o) = -o**3 + 2*o**2 + 8*o + 6. Give g(-1).
1
Let b(f) = -f**2 - 7*f + 4. Calculate b(-6).
10
Let k(d) = -d**3 + 32*d**2 + 28*d + 127. Calculate k(33).
-38
Let h(x) = x**3 + 6*x**2 + 3*x + 6. What is h(-5)?
16
Let w(k) = -4*k - 4. Give w(-3).
8
Let n(j) = -5*j + 1. Determine n(-3).
16
Let u(b) = -b - 20. Determine u(0).
-20
Let l(z) = 9*z + 53. Calculate l(-10).
-37
Let n(v) = -v**3 - 4*v**2 + 12*v + 5. Determine n(-6).
5
Let n(h) = h**3 - h**2 + 5*h - 7. Give n(3).
26
Let a(h) = -h**2 - 10*h - 2. What is a(-7)?
19
Let t(z) = -14*z + 60. Give t(5).
-10
Let u(b) = -4*b**2 - 11*b + 7. What is u(-4)?
-13
Let d(j) = 3*j**2 + 15*j + 21. Give d(-3).
3
Let h(c) = -3*c**2 - 9*c - 6. Determine h(-7).
-90
Let y(r) = -r**2 + 49*r + 278. Give y(54).
8
Let r(n) = 13*n - 35. Determine r(3).
4
Let s(z) = 2*z + 15. Calculate s(-14).
-13
Let t(s) = -s**3 - s**2 + 9*s + 12. What is t(-3)?
3
Let n(d) = -d**3 - 3*d**2 + 3*d - 11. Determine n(-5).
24
Let k(t) = -6*t + 4. Determine k(7).
-38
Let a(v) = -12*v - 1. Determine a(4).
-49
Let j(f) = f**2 - 5*f - 29. What is j(8)?
-5
Let s(n) = -9*n - 23. Calculate s(0).
-23
Let f(y) = -y**3 + y**2 + y - 17. Give f(0).
-17
Let k(n) = n**3 - 4*n**2 + 5*n - 3. What is k(4)?
17
Let n(q) = -65*q - 1684. Calculate n(-26).
6
Let k(a) = a**3 + 13*a**2 + 13*a - 16. Determine k(-12).
-28
Let d(c) = c**3 + 10*c**2 - 7*c + 50. Give d(-11).
6
Let j(a) = a**3 + 2*a**2 - 13*a - 9. Calculate j(3).
-3
Let m(g) = 136*g - 952. Determine m(7).
0
Let r(t) = -t**3 + 7*t**2 - 6*t - 5. Calculate r(6).
-5
Let m(w) = 12*w**3 - 2*w**2 - 3*w - 2. Calculate m(-1).
-13
Let x(j) = -5*j + 162. What is x(35)?
-13
Let i(n) = -n**2 - 27*n + 224. Give i(-33).
26
Let v(m) = 3*m + 45. Determine v(-9).
18
Let a(r) = r**3 - 7*r**2 + 6*r - 10. Give a(6).
-10
Let o(w) = w**2 + 7*w + 10. What is o(-6)?
4
Let g(i) = -i**2 - 12*i - 16. Determine g(-9).
11
Let y(l) = -l + 8. What is y(-5)?
13
Let s(v) = -v - 8. What is s(3)?
-11
Let v(h) = 3*h + 38. What is v(-14)?
-4
Let q(d) = 6*d**2 + 11*d + 24. Calculate q(-2).
26
Let s(h) = -h**2 + 14*h + 103. Determine s(-5).
8
Let g(k) = -k**2 + 11*k - 8. Give g(9).
10
Let d(s) = s**2 + 2. Calculate d(2).
6
Let l(r) = -38*r - 258. Give l(-8).
46
Let h(d) = 2*d**2 - d + 26. Calculate h(0).
26
Let r(c) = -c**3 + 3*c**2 - 4*c + 3. Determine r(2).
-1
Let w(i) = 57*i**2. What is w(-1)?
57
Let w(q) = q**2 - 2*q - 8. Give w(4).
0
Let x(c) = 3*c**3 - 2*c**2 + 2*c + 3. Calculate x(-2).
-33
Let d(n) = -2*n**3 - 7*n**2 + 10*n + 6. Give d(-6).
126
Let w(p) = -13*p - 9. Calculate w(4).
-61
Let x(h) = -h**3 - h**2 + 25. Give x(0).
25
Let r(p) = p**3 + p - 26. What is r(0)?
-26
Let o(k) = 2*k - 2. Give o(0).
-2
Let v(u) = -12*u + 380. Calculate v(31).
8
Let u(o) = -o**2 + 14*o - 4. Give u(6).
44
Let c(w) = w**3 - 35*w**2 + 39*w - 174. Calculate c(34).
-4
Let w(s) = -s**3 + 10*s**2 - 2*s + 29. Determine w(10).
9
Let p(x) = 3*x - 16. Calculate p(17).
35
Let y(k) = k**3 + 12*k**2 + 31*k + 38. Determine y(-9).
2
Let j(t) = -3*t**3 + 6*t**2 - 6. What is j(3)?
-33
Let w(x) = -x**2 + 6*x + 7. Calculate w(7).
0
Let g(l) = -2*l**2 + 16*l + 68. Calculate g(11).
2
Let z(x) = 7*x - 2. Determine z(10).
68
Let u(i) = i**2 + 4*i - 1. Determine u(-2).
-5
Let n(o) = o**2 - 13*o + 5. What is n(12)?
-7
Let o(k) = k**2 + 14*k + 64. Calculate o(-11).
31
Let j(p) = -4*p - 33. What is j(-8)?
-1
Let y(s) = -2*s**2 + 4*s. Determine y(-3).
-30
Let k(t) = -2*t - 5. Calculate k(4).
-13
Let b(h) = -h**3 - 3*h**2 + 2*h - 2. What is b(3)?
-50
Let k(l) = -2*l**2 + 72*l - 2. What is k(36)?
-2
Let o(q) = -q - 3. What is o(4)?
-7
Let x(o) = o**3 + 7*o**2 + 9. Calculate x(-7).
9
Let j(y) = y**3 - 7*y**2 + 2*y - 8. Give j(7).
6
Let u(y) = 2*y**2 - 2*y + 2. Calculate u(-4).
42
Let y(p) = 10*p - 101. What is y(11)?
9
Let b(y) = -85*y**2 + 3*y - 4. Determine b(1).
-86
Let d(r) = 14*r - 7. Give d(-2).
-35
Let l(a) = -17*a + 9. Give l(-1).
26
Let j(k) = k**2 + 16*k + 44. Calculate j(-12).
-4
Let b(t) = 64*t + 636. Determine b(-10).
-4
Let l(v) = v**3 + 7*v**2 - 5*v - 4. What is l(-6)?
62
Let h(u) = -2*u - 1. What is h(8)?
-17
Let g(v) = -v**3 + 15*v**2 + 19*v + 30. Determine g(16).
78
Let a(x) = 16*x**3 + 1. Calculate a(1).
17
Let x(p) = 9*p**3 + 2*p**2 + p + 1. Give x(-1).
-7
Let r(s) = -s**3 + 10*s**2 + 12*s - 1. Determine r(11).
10
Let f(b) = -b**3 - 8*b**2 - 8*b - 8. Determine f(-7).
-1
Let g(c) = 2*c**2 - 5*c - 107. Calculate g(0).
-107
Let q(a) = a**3 + 27*a**2 + 25*a - 17. Give q(-26).
9
Let i(c) = 17*c**3 - 14*c - 14. Determine i(-1).
-17
Let u(b) = 2*b - 5. What is u(2)?
-1
Let y(z) = z**2 + 2. Give y(-2).
6
Let r(j) = -j**2 - 11*j + 18. Give r(-14).
-24
Let d(g) = -g**2 - 11*g - 25. What is d(-6)?
5
Let i(n) = -n**2 - 15*n + 74. Calculate i(-19).
-2
Let g(a) = a**3 - 17*a**2 + 4*a - 36. Determine g(17).
32
Let g(a) = 6*a - 58. Determine g(8).
-10
Let x(k) = k**3 - 11*k**2 + 13*k - 24. Calculate x(10).
6
Let f(n) = -10*n + 15. Determine f(6).
-45
Let j(v) = v**3 + 4*v**2 - 4*v - 5. Calculate j(-4).
11
Let u(b) = 37*b - 741. Determine u(20).
-1
Let j(w) = -w**2 + 8*w + 23. What is j(10)?
3
Let m(i) = i**2 + 20*i + 39. What is m(-18)?
3
Let z(s) = s**3 - 12*s**2 + 16*s - 46. Calculate z(11).
9
Let t(n) = n**3 - 12*n**2 - 29*n + 12. Calculate t(14).
-2
Let m(o) = -o**2 - 1. Determine m(2).
-5
Let y(k) = -k + 10. Give y(6).
4
Let f(g) = g**3 + 10*g**2 - 4*g - 7. What is f(-9)?
110
Let v(n) = n**3 + 3*n**2 + 12*n + 67. Give v(-4).
3
Let j(u) = -u**2 - 4*u + 1. Give j(-6).
-11
Let c(z) = 6*z + 4. Give c(5).
34
Let z(f) = f**3 + 9*f**2 + 4*f - 3. What is z(-8)?
29
Let q(o) = -9*o - 305. Determine q(-33).
-8
Let c(q) = q**3 + 12*q**2 - 13*q + 3. Give c(-13).
3
Let t(c) = -c**2 - 9*c - 5. Give t(-9).
-5
Let i(c) = -c**3 + 9*c**2 - 3*c - 3. Determine i(9).
-30
Let j(v) = -v**3 - 4*v**2 + 7*v + 3. Give j(-5).
-7
Let i(h) = 3*h**3 - 19*h**2 + 7*h - 14. Determine i(6).
-8
Let j(s) = s**2 - 3*s - 30. Calculate j(7).
-2
Let l(j) = 3*j**3 + 25*j**2 - 6*j - 107. Calculate l(-8).
5
Let j(u) = u**2 - 5*u - 4. Give j(5).
-4
Let w(q) = 40*q**2 - 4*q - 3. Determine w(-1).
41
Let x(g) = g**3 - 14*g**2 - 5*g - 1. Calculate x(14).
-71
Let j(n) = -4*n + 183. What is j(45)?
3
Let c(n) = n**3 + 3*n**2 - 2*n - 2. Give c(-3).
4
Let v(m) = 3*m + 28. Determine v(-19).
-29
Let h(d) = -21*d**3 + 2*d**2 - 3*d + 1. Determine h(1).
-21
Let l(i) = -i**2 + 7*i - 2. Determine l(5).
8
Let y(h) = -h**3 - h**2 - h - 1. Calculate y(-2).
5
Let i(h) = -16*h - 1. Give i(-2).
31
Let m(o) = o**2 - 10*o + 3. Give m(0).
3
Let v(u) = 6*u**3 + 127*u**2 + 19*u - 36. Calculate v(-21).
6
Let x(l) = l**3 + 27*l**2 + 50*l + 10. Give x(-25).
10
Let i(k) = 8*k**2 + 7*k + 5. What is i(-2)?
23
Let i(f) = f**3 - 4*f**2 + 3*f - 20. Give i(4).
-8
Let i(g) = g**3 - 6*g**2 + 16*g - 33. Give i(4).
-1
Let p(l) = l**2 - 11*l + 4. Determine p(10).
-6
Let r(u) = -4*u - 10. What is r(6)?
-34
Let c(v) = -v**3 + 13*v**2 - 4*v + 23. Give c(13).
-29
Let p(j) = j**3 + 11*j**2 + 8*j - 6. What is p(-10)?
14
Let p(v) = -v**3 - 2*v**2 + 3*v + 1. Calculate p(-3).
1
Let t(a) = -2*a - 40. What is t(0)?
-40
Let w(b) = 3*b - 19. What is w(6)?
-1
Let s(a) = a**3 + a**2 + 2*a. Calculate s(-5).
-110
Let m(y) = 6*y + 78. What is m(-11)?
12
Let b(d) = -d**3 - d**2 + 3*d + 2. Determine b(-2).
0
Let n(w) = -82*w - 247. Give n(-3).
-1
Let y(n) = n**2 + 12*n - 243. What is y(-23)?
10
Let g(r) = -r**3 - 30*r**2 - 30*r - 55. What is g(-29)?
-26
Let m(w) = -3*w**2 - 88*w + 4. Calculate m(-29).
33
Let i(s) = -6*s**3 + 4*s**2 - 2*s - 7. Give i(-1).
5
Let r(p) = -14*p + 35. Calculate r(3).
-7
Let v(n) = -2*n**3 + n**2 - 2*n + 50. Give v(0).
50
Let t(i) = -i**3 + 34*i**2 - 35*i + 65. What is t(33)?
-1
Let z(g) = 9*g**3 - 5*g**2 + 4*g - 2. What is z(2)?
58
Let i(y) = -4*y + 37. What is i(9)?
1
Let x(f) = 6*f + 6. Calculate x(-4).
-18
Let g(h) = 51*h**2 - 4*h - 1. What is g(-1)?
54
Let t(j) = -26*j + 3. Give t(2).
-49
Let a(p) = 67*p**3 - p**2 + 3*p - 1. Determine a(1).
68
Let r(q) = q**3 + 10*q**2 + 19*q + 14. Calculate r(-8).
-10
Let i(y) = y**3 + 21*y**2 - 23*y + 24. Determine i(-22).
46
Let d(l) = l + 7. Calculate d(-11).
-4
Let z(u) = u**3 - 3*u**2 - u - 4. Give z(3).
-7
Let z(d) = -